In base 14, what is -710 - 3?
-713
In base 16, what is -5 - -711?
70c
In base 10, what is 277 - 3?
274
In base 10, what is -140 - -3?
-137
In base 16, what is -3 + -d3?
-d6
In base 3, what is -1 - 1201?
-1202
In base 4, what is 3 - -13133?
13202
In base 2, what is 100100 + -11?
100001
In base 10, what is 7627 + -3?
7624
In base 12, what is -ba - 4?
-102
In base 14, what is 5 + -20?
-19
In base 13, what is -5 + a68?
a63
In base 8, what is -12632 - -3?
-12627
In base 7, what is -130 - 4?
-134
In base 15, what is -17 - 16?
-2d
In base 11, what is 3a - 4?
36
In base 12, what is 25b1 + 3?
25b4
In base 13, what is -614 - 1?
-615
In base 11, what is -5 - 3?
-8
In base 8, what is 7767 + -2?
7765
In base 9, what is 68 - 5?
63
In base 14, what is 7 - -3?
a
In base 9, what is -258 + 1?
-257
In base 13, what is -15 + -23?
-38
In base 3, what is -1121 + -2021?
-10212
In base 8, what is -1627 + -5?
-1634
In base 11, what is 5 - -28?
32
In base 4, what is 22 + -1202?
-1120
In base 13, what is 1 - 58?
-57
In base 11, what is 6 + 8a?
95
In base 8, what is 5 + 123?
130
In base 3, what is -2 - -1202012?
1202010
In base 16, what is 0 + -51?
-51
In base 2, what is 11010111011 - 10?
11010111001
In base 4, what is 3 + 211112?
211121
In base 11, what is -2 - 536?
-538
In base 13, what is -2a4 - 22?
-2c6
In base 9, what is 271 - -4?
275
In base 7, what is 1 - -123?
124
In base 6, what is 312143 + -4?
312135
In base 9, what is 10 + 305?
315
In base 12, what is -136 + 3?
-133
In base 3, what is 11 + 1220220?
1221001
In base 2, what is -10 - 111010101110?
-111010110000
In base 12, what is -2 + -422?
-424
In base 7, what is 3 + -1142?
-1136
In base 10, what is 389 - 15?
374
In base 16, what is -19 + -2?
-1b
In base 5, what is -12 - -14021?
14004
In base 15, what is -4 - -27?
23
In base 7, what is 360 + -1?
356
In base 8, what is 11 + 222?
233
In base 5, what is -24 + -422?
-1001
In base 16, what is -31 + 97?
66
In base 12, what is -11 + 67?
56
In base 13, what is 1c69 + 4?
1c70
In base 4, what is -322 - 311?
-1233
In base 14, what is 14 + -160?
-14a
In base 3, what is -101011 - -102?
-100202
In base 14, what is -46 - 52?
-98
In base 2, what is -1 - -10000001?
10000000
In base 7, what is -1 + 1326?
1325
In base 12, what is 0 + -28?
-28
In base 16, what is -8 + -52?
-5a
In base 16, what is 6 - -2fc?
302
In base 5, what is 3141 + -110?
3031
In base 8, what is 260 + 2?
262
In base 9, what is -1 - 32?
-33
In base 16, what is 1 - 5?
-4
In base 7, what is 5 - 22263?
-22255
In base 12, what is -29b + -31?
-310
In base 12, what is 16 - 1053?
-1039
In base 2, what is 1000011 + -110?
111101
In base 11, what is 7393 - 4?
738a
In base 10, what is 575 + 0?
575
In base 13, what is -104 - -1?
-103
In base 16, what is 1 + 2660?
2661
In base 6, what is -35432 - -3?
-35425
In base 11, what is 191 + 2?
193
In base 4, what is -1330 + 0?
-1330
In base 2, what is 100000001 + 110?
100000111
In base 2, what is 10101100 + 0?
10101100
In base 6, what is 1041 - -40?
1121
In base 7, what is -22 + -1?
-23
In base 11, what is -2812 + 0?
-2812
In base 5, what is 10 + 0?
10
In base 6, what is -213 + -1?
-214
In base 9, what is -3 + -3066?
-3070
In base 2, what is 10001100100 + -1000?
10001011100
In base 4, what is -1223 + 1103?
-120
In base 12, what is -52 - -5?
-49
In base 5, what is 11 - -1242?
1303
In base 15, what is 1 - -5a?
5b
In base 7, what is 2 + -20254?
-20252
In base 8, what is -1 - 637?
-640
In base 6, what is 12 - -412?
424
In base 11, what is -2 - -1?
-1
In base 4, what is -1210 + 11?
-1133
In base 5, what is -10 - -211010?
211000
In base 4, what is -11 - -303?
232
In base 3, what is -1200200 - 0?
-1200200
In base 15, what is 4e - 0?
4e
In base 14, what is 3 + 28?
2b
In base 12, what is 6b - 49?
22
In base 3, what is -1001 + -1202?
-2210
In base 4, what is -2213 - -13?
-2200
In base 11, what is -9 - 24?
-32
In base 12, what is -4 - -2b7?
2b3
In base 9, what is -5 - 250?
-255
In base 4, what is 11 - 31212?
-31201
In base 9, what is -36 - 880?
-1026
In base 11, what is -179 - 4?
-182
In base 7, what is 15501 + 4?
15505
In base 2, what is -101 + -101?
-1010
In base 8, what is 470 + 2?
472
In base 5, what is 4 - -30334?
30343
In base 8, what is -277 - 4?
-303
In base 6, what is 1 - 5?
-4
In base 6, what is -5330 + -12?
-5342
In base 5, what is -2 - 122033?
-122040
In base 5, what is -114 + -2?
-121
In base 7, what is 20 - -204?
224
In base 10, what is -236 - -2?
-234
In base 4, what is -11131 - -10?
-11121
In base 9, what is 28 + -45?
-16
In base 12, what is -4 - 60?
-64
In base 4, what is -12033 + -10?
-12103
In base 16, what is 5 + 358?
35d
In base 8, what is -564 - -31?
-533
In base 5, what is -1344 - 10?
-1404
In base 8, what is -13 + -27?
-42
In base 12, what is -1 + 1603?
1602
In base 5, what is -222 - 22?
-244
In base 12, what is -5 - 253?
-258
In base 15, what is -48b + 0?
-48b
In base 16, what is 3 + 78?
7b
In base 10, what is 20 - -4?
24
In base 8, what is 5 + -442?
-435
In base 16, what is -1 + 95?
94
In base 4, what is 233222 - -2?
233230
In base 16, what is 33 - -3?
36
In base 12, what is -8 + -a4?
-b0
In base 13, what is 1ca1 + -4?
1c9a
In base 6, what is -4 - 10?
-14
In base 9, what is -21 - 0?
-21
In base 16, what is 12d3 - 2?
12d1
In base 16, what is -159 + d?
-14c
In base 9, what is -318 - -13?
-305
In base 16, what is -e7f + -5?
-e84
In base 15, what is -124 + 0?
-124
In base 13, what is 489 + a?
496
In base 12, what is -1 + 65b?
65a
In base 13, what is 1859b + -2?
18599
In base 15, what is 5 + -a1?
-9b
In base 3, what is 1 - -20001?
20002
In base 4, what is 1003102 + -3?
1003033
In base 7, what is -2 + -206?
-211
In base 6, what is -1525 + 10?
-1515
In base 10, what is -86 + 39?
-47
In base 11, what is 5 - 286?
-281
In base 8, what is -5416 + -3?
-5421
In base 11, what is 1 + -2472?
-2471
In base 14, what is -1dd - -2?
-1db
In base 8, what is 0 + 22?
22
In base 14, what is 4 + 457?
45b
In base 10, what is 2 + 5?
7
In base 12, what is -106 + -46?
-150
In base 4, what is -10 + -3102?
-3112
In base 4, what is -3 + -1001?
-1010
In base 3, what is -100 + 101?
1
In base 4, what is -10 - 30?
-100
In base 15, what is -279 + -5?
-27e
In base 4, what is 11 + 11?
22
In base 5, what is -3 + -42413?
-42421
In base 4, what is 1022 + -3?
1013
In base 4, what is 32 + -122?
-30
In base 4, what is -1122 + -303?
-2031
In base 3, what is -21 + 1100?
1002
In base 8, what is 1 - 7522?
-7521
In base 8, what is -6 - -77?
71
In base 5, what is 221 - 301?
-30
In base 15, what is 4c - 3?
49
In base 2, what is 101000001 + -101?
100111100
In base 12, what is -1 - 5a?
-5b
In base 15, what is 18 + 0?
18
In base 12, what is 2 - -18?
1a
In base 10, what is 11 + 0?
11
In base 14, what is -15 - 9?
-20
In base 11, what is 55 + -17?
39
In base 16, what is -1c4 - -3?
-1c1
In base 5, what is 2223 + -2?
2221
In base 10, what is -60 + -46?
-106
In base 6, what is -50241 - -1?
-50240
In base 3, what is 1101222 - 2?
1101220
In base 6, what is -13 + -110?
-123
In base 6, what is -203 - -4?
-155
In base 2, what is 11 + -1011?
-1000
In base 8, what is -45 + -1?
-46
In base 9, what is 1 - -57?
58
In base 5, what is -100412 + 13?
-100344
In base 4, what is 3 + 101132?
101201
In base 3, what is -12 - -12120100?
12120011
In base 15, what is -8 - -63d?
635
In base 14, what is 0 + -58c?
-58c
In base 7, what is -2 - -2046?
2044
In base 13, what is -2 - 6?
-8
In base 5, what is -13 - 41?
-104
In base 2, what is 11000010 + -11?
10111111
In base 15, what is 3 - -236?
239
In base 15, what is -82b - -1?
-82a
In base 15, what is 6a + 0?
6a
In base 3, what is -11 - 100110110?
-100110121
In base 3, what is 0 + -200122?
-200122
In base 3, what is 10 - -102001021?
102001101
In base 10, what is -4 - 51?
-55
In base 2, what is -10011 - 111100011?
-111110110
In base 10, what is -26 - -1?
-25
In base 9, what is 5 + 645?
651
In base 10, what is 0 - -139?
139
In base 3, what is -2110 + 1122?
-211
In base 11, what is 1 - -66a?
670
In base 5, what is -31413 - -4?
-31404
In base 14, what is 2 + -355?
-353
In base 8, what is -4 - 133?
-137
In base 12, what is -23 - -3?
-20
In base 6, what is 55224 - 1?
55223
In base 14, what is 51 - -6?
57
In base 12, what is 11a + -5?
115
In base 8, what is -1 + -211?
-212
In base 16, what is 4 + 4ea?
4ee
I